 - 17*a - 30. Let n(b) = 15*b**3 + 17*b**2 - 34*b - 61. Let d(z) = -13*f(z) + 6*n(z). Give d(-16).
8
Let j(n) be the second derivative of -n**3/6 - n**2 - 56*n - 2. Calculate j(-3).
1
Let c(l) = -6*l - 6. Let x be c(0). Let d(w) = w**3 + 5*w**2 - 9*w - 11. Let h be d(x). Let k(n) = -n. Calculate k(h).
-7
Let f(s) = -2 - 2*s + 0*s + 0*s - 2*s**2 + s**2. Determine f(-1).
-1
Suppose 4*i = 2*o + 28, 4*o + 20 = 5*i - 9. Let t be 2 + (-1*27)/3. Let m(s) = 2*s + 10. Let b(g) = -5*g - 21. Let h(v) = t*m(v) - 3*b(v). Give h(i).
2
Let u(l) = -2*l - 4. Suppose -6 - 2 = -2*d. Suppose 4 = -2*s + d*s. Let o be -3 - (s - (0 + 1)). Determine u(o).
4
Let x(m) = -2*m**2 + 14*m - 17. Let c be x(4). Let u(s) = 2*s - 9. Give u(c).
5
Let t(c) = c**3 + 6*c**2 - 7*c + 6. Let v be t(-7). Let q be 1/2*v - -3. Suppose 0 = -3*f - 5*u - 7, f - q*f = -u - 7. Let z(l) = -8*l**3 - l + 1. Give z(f).
-8
Let w(o) = -3. Let r(u) = -3*u + 35. Let f(d) = r(d) + 5*w(d). Calculate f(13).
-19
Let o(i) be the second derivative of i**5/20 + 5*i**4/12 + 2*i**3/3 + 87*i. Determine o(-4).
0
Let n(r) be the first derivative of 3*r**2/2 - 6*r - 772. What is n(7)?
15
Let w be ((-28)/21)/((-1)/(-3)). Let n(h) = -3*h - 3 - 3 + 2*h + 1. Determine n(w).
-1
Let z(c) be the third derivative of c**5/120 - c**4/12 + 2*c**3 - 18*c**2. Let t(y) be the first derivative of z(y). Give t(7).
5
Let l(m) = m**3 + 43*m**2 + 82*m - 1. Let h be l(-41). Let d(p) = -20*p**2 - p - 1. Calculate d(h).
-20
Suppose -37 + 7 = 3*n. Let k = -1 - n. Let v(u) = 6*u**2 - 3*u - k*u**2 + 2*u**2 - 3. Give v(-2).
-1
Let s(m) = -107 + 11*m + 36 + 35 + 35. What is s(2)?
21
Let x(p) be the first derivative of 3*p**2 - 5*p - 45. Calculate x(4).
19
Let l = 1574 - 1572. Let z(b) be the first derivative of b**5/60 - b**4/12 - b**3/3 + b**2/2 + 1. Let g(w) be the second derivative of z(w). Determine g(l).
-2
Let r be ((-3)/6)/((-1)/6). Let p be (-7 - -19)*(-2)/(-8). Let i(a) = 5 + a + r*a - p*a. Give i(-7).
-2
Let h be 4/(80/(-15)) + (-150)/(-8). Suppose 5*c + h = -c. Let m(f) = f + 1. Give m(c).
-2
Let u(x) = x + 1. Let y(d) = 4*d + 3. Let f(t) = -5*t - 4. Let a(p) = 6*f(p) + 5*y(p). Let q(w) = -2*a(w) - 22*u(w). Calculate q(5).
-14
Let i(o) = 3*o - 10. Let a(d) = d - 4. Let n(t) = -8*a(t) + 3*i(t). Give n(5).
7
Let i = -9 - -11. Suppose -3*w = -i*w - 3. Let h be 2*w*(-65)/(-78). Let z(k) = -3*k + 6. What is z(h)?
-9
Let d(z) = z**3 - 9*z**2 + z + 4. Suppose -3412 + 3457 = 5*c. Determine d(c).
13
Let y(x) = 4*x - 34. Let t be y(9). Let s(w) be the third derivative of -1/8*w**4 - 1/60*w**5 + 0 + 0*w - 4*w**t + 1/2*w**3. Determine s(-5).
-7
Let c(p) = 3*p**2 - 1. Let d(m) = m**3 + 5*m**2 + 5. Let h(f) = 2*c(f) - d(f). Give h(0).
-7
Suppose t + 5*k = 7, 0*k - 7 = -t + 3*k. Let f(s) = s - 13. Let a be f(t). Let l(d) be the second derivative of -d**3/6 - 4*d**2 - 28*d. What is l(a)?
-2
Let w(u) = 11*u - 2. Let c(f) = -10*f - 78. Let s be c(-8). Calculate w(s).
20
Let d(n) = 15*n**3 + 5*n**2 + n + 5. Let t(q) = -3*q - 44*q**3 - 6*q**2 - 4*q**2 - 14 - 4*q**2. Let h(r) = -11*d(r) - 4*t(r). What is h(-1)?
-10
Let u be (-2)/(34/185) - 2/17. Let p(q) = -q**3 - 10*q**2 + 11*q + 11. Calculate p(u).
11
Let j(h) = -h**3 + 4*h**2 + 5*h - 3. Let b be (-23)/((-69)/(-18)) - -11. Give j(b).
-3
Let y(b) be the first derivative of -5*b - 1/3*b**3 + 5/2*b**2 + 11. Calculate y(5).
-5
Let b = -1063 + 1068. Let c(z) = z**2 - 3*z - 2. Give c(b).
8
Let b(c) be the second derivative of -c**5/20 + c**4/4 + c**3/2 - c**2 + 34*c + 1. Calculate b(4).
-6
Suppose -11*u = -40 - 26. Let g(m) = -m + 13. Determine g(u).
7
Let q(y) be the third derivative of y**4/24 - y**2. Let d(x) = x**2 - 7*x + 4. Let h be d(7). What is q(h)?
4
Let t = -39 + 38. Let j(c) = 33*c**2 + 1. What is j(t)?
34
Let s(m) = -m**2 - 9*m - 6. Suppose i - 4*w - 6 = 0, 3*w = 5*i - 2*w. Let z be (-1)/((142/(-72) - i)*4). Determine s(z).
-6
Let l(t) be the second derivative of 36*t + 1/2*t**2 + 0 + 1/4*t**4 - 1/2*t**3. Give l(2).
7
Let o = -27 + 33. Suppose 11*r = o*r - 30. Let f(w) = w**2 + 5*w + 6. Give f(r).
12
Let m(q) = -5*q**2 - 2*q - 1. Let n(p) = -2*p**2 - 10*p. Let b be n(-6). Let f = b - -11. What is m(f)?
-4
Let n(w) = -2 - 2 + 6*w + 3*w**2 - 2*w**2. Let q(o) = 5*o**2 + 31*o - 20. Let x(r) = -11*n(r) + 2*q(r). Let h be -8*(30/40 - (-1)/(-4)). Give x(h).
4
Let n(s) = -2*s**2 + 1. Let m(q) = -2*q**2 + q + 2. Let k(g) = -m(g) + 3*n(g). What is k(1)?
-4
Let k be (2 - 3)/((-2)/8). Let u(g) = -g**3 - 8*g**2 + 4*g - 4. Let o(l) = -3*l**3 - 17*l**2 + 7*l - 7. Let v(d) = 2*o(d) - 5*u(d). Determine v(k).
14
Let p(d) = -d**3 - 4*d**2 - 2*d. Suppose 13*u - 2*u + 33 = 0. What is p(u)?
-3
Let s(a) = 2*a**3 - 15*a**2 + 6*a + 9. Let g be s(7). Suppose z + g*z - 4*v - 22 = 0, 2*z - 5*v - 24 = 0. Let w(k) = 0*k + 2 - 1 + k + z. Determine w(-6).
-3
Let w(c) = 42*c**2 + 2*c - 19*c**2 - 22*c**2. Suppose -29*f + 19*f = 50. Give w(f).
15
Let d(h) = -h - 12. Let w be d(-14). Let b(y) = 5*y**2 + 11 - 9 - 3*y**w. Give b(-2).
10
Let k(t) = 2*t - 17*t + 12 + 13*t. Give k(9).
-6
Let t(k) = -8*k + 337. Let f be t(42). Let x(o) = 5*o**3 - 2*o**2 + 3*o. What is x(f)?
6
Let y(k) be the second derivative of k**4/12 + 2*k**3 + 6*k**2 + 384*k. What is y(-10)?
-8
Let y(m) = m - 9. Let u = 84 - 50. Let l be (-16)/(-10) - 10/(-25). Suppose -b + 2 = l*h, u = -2*b + 7*b - 2*h. Calculate y(b).
-3
Let t(h) = h**3 - 4*h**2 - 2*h. Let j = -126 - -64. Let r = -58 - j. Calculate t(r).
-8
Let g(v) = -4*v - 2. Suppose -m = -1 - 2. Suppose -3*l + 2*o - 5 = 9, -3*l = -m*o + 18. Give g(l).
6
Let x(w) = -4*w**2 - 32*w - 25. Let a(k) = 3*k**2 + 22*k + 17. Let h(l) = 7*a(l) + 5*x(l). Determine h(6).
-6
Let w(z) be the first derivative of 1/12*z**4 - 1/120*z**5 + 3 + 0*z + z**3 + 0*z**2. Let d(k) be the third derivative of w(k). Give d(-6).
8
Let j(v) be the first derivative of -v**7/840 + v**6/120 - v**5/120 + v**4/8 + v**3 + 6. Let h(y) be the third derivative of j(y). Calculate h(3).
0
Let o be (-10)/(-6) - -1 - 30/(-90). Let a(z) = -2*z - 2. Let c(l) = l + 1. Let t(s) = -6*a(s) - 13*c(s). Give t(o).
-4
Suppose -5*o + 10*r + 20 = 12*r, 0 = -5*r + 25. Let b(j) = o*j + 0*j - 3*j - 2*j - 3. Determine b(5).
-18
Let g(p) = 1493 + 10*p - 747 - 746. What is g(-1)?
-10
Let u(n) = n**2 - 573 + 6*n - 567 + 1148. What is u(-6)?
8
Let h(z) = -182*z + 2*z**2 + 6 - 3*z**2 + 186*z - 8. Calculate h(4).
-2
Let t(o) = 919*o + 928*o - 7*o**2 + 1 + 0 - 1847*o. Let d be 1 - (0 + 3 - 3). Determine t(d).
-6
Let u(f) = -6*f. Suppose v = -3*m - 3*v - 16, 0 = -5*v - 20. Suppose -12*j + 8*j + 4 = m. What is u(j)?
-6
Let v(o) be the third derivative of -o**5/60 + 7*o**4/24 - 5*o**3/6 + 4*o**2. Let r be (-450)/24 - 2/8. Let m = r - -24. What is v(m)?
5
Let y(k) = 5 + 2*k - 8 + 0 - 7*k**2. Let o = 3 - -4. Let p(l) = -10*l**2 + 3*l - 4. Let x(v) = o*y(v) - 5*p(v). Calculate x(2).
1
Let y(c) be the second derivative of -c**5/20 - c**4/3 + c**3/6 + 3*c**2/2 - 15*c. Let t = -20 - -40. Suppose 0*u - t = 5*u. Give y(u).
-1
Suppose -45*r = -33*r. Let q(o) be the second derivative of -1/12*o**4 + o**2 + 3*o + r + o**3. Determine q(7).
-5
Suppose 0 = 68*r - 50*r - 72. Let s(p) = -p + 9. Determine s(r).
5
Let v(n) = -385*n**2 + 774*n**2 - n**3 - 393*n**2 - n. Let z be (-14)/3 + 6/9. Determine v(z).
4
Suppose 0 = 3*b - 5*z + z - 22, 0 = b + 4*z + 14. Let j(u) be the first derivative of -u**2 + 4. Give j(b).
-4
Let a(c) = -c**2 - 14*c - 41. Let n be a(-10). Let s(r) = 4*r**2 + r. What is s(n)?
3
Let r(o) = o**2 - 3*o - 1. Suppose -32 - 17 = -7*b. Let h = -5 + 2. Let t = b + h. What is r(t)?
3
Let d be (1 - 2)*(1 + -1). Let y(x) = 3*x**3 - 33*x**2 - x + 5. Let p(m) = -16*m**3 + 181*m**2 + 5*m - 26. Let z(n) = 2*p(n) + 11*y(n). Calculate z(d).
3
Suppose -23*m = -35*m - 60. Let t(z) = z**3 + 6*z**2 + 6*z + 5. Calculate t(m).
0
Let u = -657 - -665. Let l(t) = 4*t - 12. Calculate l(u).
20
Let n(q) be the second derivative of -q**5/20 - 11*q**4/12 - 2*q**3 - 11*q**2 - 159*q. Calculate n(-10).
-2
Suppose -4*u = -9*u + 15. Let w(t) = -27*t + 3 + 28*t - u - 5. Give w(11).
6
Let o(m) = -m**2 + m + 3. Let r be o(0). Suppose -r*i + 5*u = 14 + 28, 4*u = -i + 3. Let q = -9 - i. Let t(b) = -b - 12. Calculate t(q).
-12
Let x(t) = -t**3 + 3*t**2 - 3*t - 7. Let a be x(5). Let h = 66 + a. Let p(b) =